 30 is divided by ((-6)/s + -3)*-16.
14
Let o = 60 + -17. What is the remainder when o is divided by 23?
20
Let z be 15/9 + (-2)/(-6). Suppose 0 = -4*o - 23 - 1. What is the remainder when 5/(9/o + z) is divided by 4?
2
Suppose 25 = 5*b, -485 = -5*o + b - 4*b. Calculate the remainder when o is divided by 24.
22
Let n(s) = s**3 + 5*s**2 - s - 3. Suppose 0*t = -5*t - 25. What is the remainder when 2 is divided by n(t)?
0
Suppose -5*x = 5*u - 120, -2*u - 4*x = -0*u - 42. Calculate the remainder when u is divided by 9.
0
Suppose 6*h - 73 = 17. What is the remainder when h is divided by 4?
3
Let o(u) = u**3 + 8*u**2 + 3. Let a be o(-8). Let q(x) = x**2 - a*x - 2 + 7 - x. What is the remainder when q(7) is divided by 9?
8
Suppose -3*o + 15 = -3. What is the remainder when 16 is divided by o?
4
Let c(k) = k**2 - 5*k - 2. What is the remainder when 5 is divided by c(6)?
1
Let y = -15 - -18. Let l(f) = f + 6. Let w be l(-5). What is the remainder when w/4 + (-62)/(-8) is divided by y?
2
Let s be (-2 - -2)/((-3)/(-3)). Suppose 17 = z - s*z. Suppose 2*r = -5*i + 30, -3*i = -r + 2*i. Calculate the remainder when z is divided by r.
7
Let t = -15 + 43. Let u(x) = x**3 + 10. Calculate the remainder when t is divided by u(0).
8
Let n(r) = -r**3 - 6*r**2 + 9*r + 8. Let z be n(-7). Let y = -6 - -11. What is the remainder when (12/(-9))/(1/z) is divided by y?
3
Let v(u) = u**3 + u**2 + 2. Let f be v(-2). Let j be (f/3)/((-6)/9). What is the remainder when 1 - j - 2 - -6 is divided by 3?
1
Let h(k) = -k**2 - 8*k - 6. Calculate the remainder when (-426)/(-27) - 4/(-18) is divided by h(-6).
4
Let c be (-2)/5 - (-32)/5. Suppose c = 3*i + 3*m, -4*i + m = i - 10. Suppose i - 29 = -3*f. Calculate the remainder when 34 is divided by f.
7
Let o(g) = 4*g - 2. Let p(w) = 28*w**3 + 4*w**2 - 3*w. What is the remainder when p(1) is divided by o(3)?
9
Suppose 9 = -d + 4*d. What is the remainder when 14 is divided by d?
2
Let b = 10 - 5. Let u = -5 + 11. What is the remainder when u/(-15) + (-92)/(-5) is divided by b?
3
Let v(c) = 4*c - 23. What is the remainder when 63 is divided by v(10)?
12
Let f = 34 - 29. What is the remainder when 23 is divided by f?
3
Suppose 2*x - 6*x + 8 = 0. Suppose -15 = -x*g + 3*g. Let l = g + 70. What is the remainder when l is divided by 19?
17
Let o = 19 + -13. Let y be -1 - (3 + (-42)/3). Let n = 7 + y. Calculate the remainder when n is divided by o.
5
Let h(g) = 8*g - 1. Let k(x) = -x - 4. Let u be k(-4). Suppose u = 2*c - 10 + 2. What is the remainder when h(1) is divided by c?
3
Suppose -32 = -3*w + w. What is the remainder when w is divided by -3*(-3)/54 + 53/6?
7
What is the remainder when 8 is divided by (-10)/(-50) + (-34)/(-5)?
1
What is the remainder when 74 is divided by 5/(-2 + (-36)/(-16))?
14
Let h(a) = a**3 - 17*a**2 + 17*a - 8. Calculate the remainder when 31 is divided by h(16).
7
Suppose 0 = -3*j - 9, 3*j = 5*k + 7*j + 477. Let b = -45 - k. What is the remainder when b is divided by 25?
23
Let f(g) = g**3 + 10*g**2 - 13*g - 8. Calculate the remainder when f(-11) is divided by 8.
6
Let q = 0 + 2. Let p be (-1)/(-1) + 2 + -1. Suppose -2*y = 5*u - 29, y - p*u = -4*y. Calculate the remainder when q is divided by y.
0
Let z(k) = -2*k + 0*k + k + 28. Let w = 1 + -1. What is the remainder when z(w) is divided by 15?
13
Let m = 39 + -31. What is the remainder when 21 is divided by m?
5
Let b = 1 + 2. Let p = 5 - b. Calculate the remainder when 3 is divided by p.
1
Suppose 4*t = 41 + 35. What is the remainder when t is divided by 10?
9
Let a be (4 - -1)*8/(-2). Let v = a - -38. What is the remainder when 69 is divided by v?
15
Let t be (-2)/(-4) - 12/(-8). Calculate the remainder when (-92)/(t/(1 + -2)) is divided by 12.
10
Let z(d) = -d**2 + 15. Let c be z(0). Let q = -4 + c. Suppose 4*f + 8 = -0*f, 0 = 5*p - 5*f - 220. What is the remainder when p is divided by q?
9
Let j(q) = -9*q + 7. Calculate the remainder when j(-10) is divided by 25.
22
Let y(c) = c**2 + 2*c - 1. Let d(o) = 9*o + 1. Let h(k) = 4*k + 1. Let x(u) = 3*d(u) - 5*h(u). Calculate the remainder when x(2) is divided by y(2).
5
Let b(p) = 2*p**2 - 3. Suppose 5*r - g - 52 = 76, -3*g - 84 = -3*r. Calculate the remainder when r is divided by b(3).
10
Let h = -12 - -56. Suppose -3*n + 60 = n. What is the remainder when h is divided by n?
14
Suppose 15 = -8*a + 5*a, 0 = -4*u + 2*a + 662. What is the remainder when u is divided by 15?
13
Suppose -3*j = -2*o - 5*j + 10, -o + 5 = 2*j. Let w be 148/18 + (-8)/36. Let p = 17 - w. What is the remainder when p is divided by o?
4
Calculate the remainder when 11 is divided by ((-5)/(-2) - 3)*-8.
3
Let z be 0*(-4)/(-2 - 6). Suppose z = -g + 64 - 7. Calculate the remainder when g is divided by 15.
12
Let j = 1 + 0. Suppose -y + 25 = 4*g, -4*y - 38*g = -33*g - 144. What is the remainder when y is divided by (28/(-10))/j*-5?
13
Let g(w) = -w + 7. What is the remainder when 46 is divided by g(-5)?
10
Let r = -41 + 58. Suppose f + 2*f + u - 30 = 0, -4*f - u = -39. Calculate the remainder when r is divided by f.
8
Let l be 76/(-3) - (-6)/(-9). Let z = 38 + l. Calculate the remainder when 23 is divided by z.
11
Let k(r) = 2*r**3 + 15*r**2 + 7*r + 13. Calculate the remainder when 20 is divided by k(-7).
7
What is the remainder when 36*((-18)/8 - -3) is divided by 10?
7
Let v = 13 - 8. Let c = v - -6. What is the remainder when c is divided by 6?
5
Suppose 0 = 4*h + 4*d - 55 - 125, 0 = -5*h - 3*d + 221. Suppose -5*q = -3*u + 45, -5*u - 2*q + 32 = -h. What is the remainder when u is divided by 8?
7
Let d(h) = -h + 4. Suppose 4*y = -0*y + 8. What is the remainder when d(-4) is divided by y?
0
Let v(p) = p**3 - 6*p**2 - 6*p + 6. Let u be v(6). What is the remainder when ((-24)/u)/(4/310) is divided by 16?
14
Suppose 0 = f - 5*f + 380. What is the remainder when f is divided by 24?
23
Let t(s) = -1 - 2*s + 0 + 2. What is the remainder when t(-4) is divided by 5?
4
Let r(y) = 4*y - 68. Calculate the remainder when 20 is divided by r(20).
8
What is the remainder when 244/4 - 0/4 is divided by 21?
19
What is the remainder when 26 is divided by 10 + 0 + 0 + -1?
8
What is the remainder when 25 is divided by ((-2)/3)/((-2)/21)?
4
Suppose -3*l - 3*t + 208 = 52, 3*t = -4*l + 210. What is the remainder when l is divided by 30?
24
Let y(f) = 3*f**2 - 2*f - 7. What is the remainder when 52 is divided by y(3)?
10
What is the remainder when (-10)/25 - 685/(-25) is divided by 10?
7
Let g be 2 + -1 + (-8 - 0). What is the remainder when 22 is divided by (2*4)/((-7)/g)?
6
Let o be ((-3)/2)/((-15)/20). Suppose -26 = -4*s + 2*s - 3*b, -s = -4*b - 2. Calculate the remainder when (-1)/(o/(-76)*2) is divided by s.
9
What is the remainder when (17 + -2)*36/20 is divided by 14?
13
Suppose 3*l - 24 = -0. Suppose -3*a - 8 - 1 = 0. Let s(z) = -3*z - 6. What is the remainder when l is divided by s(a)?
2
What is the remainder when 103 is divided by 26/1*(5 + -4 - 0)?
25
Let r(z) = 3*z - 2. Let a be r(2). Let j = 14 + -9. Suppose j*v = 3*f - 65, 3 = a*v - 5. Calculate the remainder when f is divided by 9.
7
Suppose f + 3*f - 48 = 0. Calculate the remainder when 31 is divided by f.
7
Suppose 2 + 0 = o. Let d(j) be the first derivative of -j**2/2 + 15*j - 2. What is the remainder when d(8) is divided by o?
1
Suppose x + 32 = 3*x. Calculate the remainder when 47 is divided by x.
15
Let l(r) = r**2 - 6*r - 1. What is the remainder when 9 is divided by l(7)?
3
Let b = -18 - -19. What is the remainder when 10 is divided by 2 - (-2 + b) - -3?
4
Suppose -3*u + 32 - 8 = -4*o, -4*o = -u. Calculate the remainder when 32 is divided by u.
8
Let z(m) be the second derivative of m**3/6 + 5*m**2/2 - 2*m. Let r be z(-4). Suppose q - r - 27 = 0. Calculate the remainder when q is divided by 10.
8
Suppose 3*l + 3*n - 38 = n, -3*l = 5*n - 32. What is the remainder when 38 is divided by l?
10
Let i = 5 + 81. What is the remainder when i is divided by 29?
28
Let a = 26 - 10. Suppose -m + 31 = -15. Calculate the remainder when m is divided by a.
14
Suppose -150 = -73*d + 70*d. What is the remainder when d is divided by 17?
16
Let i be ((-2)/3)/(6/(-9)). Let d(t) = t**3 + 8*t**2 + 2*t + 6. Let w be d(-8). Calculate the remainder when ((-76)/w)/(i/5) is divided by 13.
12
Suppose 9*b - 111 = -30. Supp